 What is the units digit of n?
1
Let r(g) = -g**3 + 5*g**2 + g + 1. Let w be r(3). Suppose w = -3*m + 4. What is the tens digit of 33/m*(0 + -2)?
1
Let v be 6/(-2)*(4 - 2). Let o(m) = 4*m**2 + 4*m - 3 + m**3 + 3*m**2 + m. What is the units digit of o(v)?
3
Let j(n) = 33*n - 30. What is the tens digit of j(9)?
6
What is the tens digit of 2 + 54/(3 - 1)?
2
Let x(d) be the second derivative of d**3/2 - d**2 - 2*d. Let l be x(-2). Let y(b) = b**2 + 6*b - 4. What is the tens digit of y(l)?
1
Let q(a) = a**3 + 6*a**2 - a - 8. Let t be q(-6). Let n be -2*9*3/t. Suppose -5*r = -28 - n. What is the units digit of r?
1
What is the tens digit of (-285)/(-12) + 2 - (-7)/28?
2
What is the units digit of (110/4)/(2/4)?
5
Let q = -20 - -10. Let m = 21 + q. What is the units digit of m?
1
Suppose -4*c + 446 = 2*b + c, -3*c - 201 = -b. What is the hundreds digit of b?
2
Let j be 0/(-4 - (-2)/1). Suppose -f + j*f + 3 = 0. Suppose a + 12 = f*a. What is the units digit of a?
6
Suppose 0 = 3*g - y - 9 - 4, -26 = -g - 4*y. Suppose -2*z + 5*u = -g*z + 144, 4 = -u. What is the tens digit of z?
4
Suppose 0*s = -2*s + 6. Suppose -d + 7 = -s. What is the tens digit of d?
1
Let b = 80 + -54. What is the units digit of b/(-117) + (-130)/(-18)?
7
Let v(j) = -6*j - 6. Let g be v(-7). Suppose -2*s = -3*s + 5*x + g, 4*s - 5*x = 69. What is the tens digit of s?
1
Let k = -237 + 374. What is the hundreds digit of k?
1
Let k = -2 + 24. What is the tens digit of k?
2
Let b(i) = -4*i. Let o be b(-1). Suppose 21 - 1 = o*q. What is the units digit of q?
5
Let p(c) = 5*c**2 - 5*c + 11. What is the tens digit of p(4)?
7
Let w = 17 + -11. What is the units digit of ((-10)/3)/((-4)/w)?
5
Let x = 68 - 123. Let v = -39 - x. What is the units digit of v?
6
Suppose -5*n + 3*z - 96 = 0, 3*z = n - 3*n - 51. What is the units digit of ((-1)/(-3))/((-1)/n)?
7
Let u(m) be the second derivative of -m**5/20 + 5*m**4/12 - m**3/3 + 5*m**2/2 + m. Let x be 12/(-3)*(8 + -9). What is the tens digit of u(x)?
1
Let f(x) = -x**2 - 3*x + 9. What is the units digit of f(0)?
9
Let n = -6 - 3. What is the units digit of (-29)/n - 4/18?
3
Suppose 2 = d - 73. What is the units digit of d?
5
Let p be 2 - (-1)/(-3)*0. Suppose 2*d - 5*i = 24, 0 = -p*d + 3*i + 35 - 11. What is the units digit of d?
2
Suppose 4*m - 316 = -4*z, 0*m + 2*z + 162 = 2*m. What is the units digit of m?
0
Suppose -4*d - 346 = -5*o, -2*d + 4*d - 212 = -3*o. What is the tens digit of o?
7
Let w(m) = 3*m**2 - 3*m - 1. What is the units digit of w(4)?
5
Suppose -5*o = -3*y + 36, -5*o - 5*y - 33 = -3*o. Let w(d) = d + 12. Let u be w(o). Suppose -u*n + 3 = -12. What is the units digit of n?
5
Suppose 4*f - 12 = f, -4*v - 2*f + 720 = 0. What is the hundreds digit of v?
1
Let h be (-58)/(-8)*(-3 + -1). Let l = 57 + h. What is the tens digit of l?
2
Let n be (-2)/(-4) + 1/2. Suppose -5*l = -8*l + 3*z + 33, n = -l - 5*z. Let u = 11 - l. What is the units digit of u?
2
Let u(m) be the third derivative of -1/120*m**6 - 2*m**2 + 0*m**4 + m**3 + 0*m + 0 + 1/60*m**5. What is the units digit of u(0)?
6
Suppose -3*k + 3 = -3*n, 25 - 9 = 4*k + 2*n. Suppose 3*u - 92 = -2*y, 0 = -k*u + 5*y + 115 - 9. What is the units digit of u?
2
Let w(u) = -u**3 + 6*u**2 + u + 3. Let f be w(6). Let y be (f*(-4)/(-6))/2. What is the units digit of 2/y - (-48)/9?
6
Suppose 2*a + 3*q = -487, -3*a + 2*q = -0*q + 737. Suppose 3*d + 4*k = -42, 0*k - 3 = k. What is the tens digit of a/(-13) - d/65?
1
Suppose y = -g - 2, -y + 2 = -3*g + 4. Let p be (-1)/2 - (-13)/y. Let v(z) = -z**2 - 10*z - 10. What is the tens digit of v(p)?
1
Suppose j - 2*j - 21 = 0. Let m = -11 - j. What is the tens digit of m?
1
Let w = 564 - 364. Let s = w + 59. What is the units digit of s/28 - 1/4?
9
Let w = 162 + -100. What is the units digit of w?
2
Let i be 1 + 0 + 1*-2. Let a be (0 - (i - 3))/(-1). What is the units digit of (6/(-8))/(a/48)?
9
Suppose -4*g = 3*k - 163, 0*g + 4*k - 131 = -3*g. Let q be (-1)/4 - g/(-4). Let y = q - 2. What is the units digit of y?
7
Suppose -10*g + 2268 = 4*g. What is the units digit of g?
2
Let b be (-5 - -6)/((-2)/(-6)). Suppose b*t = -4*g + 5*t + 42, 10 = 2*t. What is the units digit of g?
3
Let c(l) = l + 2. Let k = 0 + 1. Let h = 1 + k. What is the units digit of c(h)?
4
Suppose 9*i = 7*i + 206. What is the units digit of i?
3
Let f be (-1 - -4)/(-3)*-2904. What is the tens digit of (-4)/10 - f/(-60)?
4
Suppose 5*s = -0*s. Suppose -6*x + x + 65 = s. What is the tens digit of x?
1
Suppose -2*f + 3*o - 16 = 4*o, 3*o = f - 6. Let r be 0/f - (-5 + 1). Suppose -1 + 41 = r*y. What is the tens digit of y?
1
Suppose 5*x - 127 - 88 = 0. What is the tens digit of x?
4
Let w = 0 + -1. Let l be (-1)/(-3)*(w - -16). Suppose 5*i - 17 = 4*g, 24 = -i - l*g + 10. What is the units digit of i?
1
Let w(j) = j**3 + 6*j**2 + 8*j + 5. Let a be w(-5). What is the tens digit of 6/a - 1211/(-35)?
3
Let p = 4 + -1. Let v(n) = -4 + p*n - n - 3. What is the units digit of v(5)?
3
Let x(p) be the first derivative of -1/4*p**4 - 3*p + 2/3*p**3 - 2 + 5/2*p**2. What is the units digit of x(3)?
3
Let l(r) = 3*r**2 + r**3 + 0 - 3*r**2 + r - 2*r**2 + 2. Let h be l(2). Suppose 2*u = h*n, 7 = 2*u + 5*n - 11. What is the units digit of u?
4
Suppose -3*t - 2*w - 3*w + 518 = 0, -5*w = -4*t + 679. What is the units digit of t?
1
Suppose -2*z = 3*z. Suppose z = 4*k + 3*p - 70 - 2, 3*k - 5*p = 25. Suppose -m + 19 = 2*m - x, 4*x - k = -m. What is the units digit of m?
7
Suppose 0 = c - 5*a - 1, -2*a = -3*c + 2*a - 8. Let b = 8 - c. What is the units digit of b?
2
Suppose 10 - 46 = -s. Suppose s = -w + 4*w. What is the units digit of w?
2
Suppose 0*r = -r - 4. Let w be 88/r*(-2)/4. Suppose 5*t = -a + 21, -2*a - w = -5*t + 7. What is the units digit of a?
1
Let v(b) = -6*b**2 + 3*b + 6 - 9 + b**3 + 13*b**2. Let l be v(-5). Let n = l - 17. What is the tens digit of n?
1
Suppose 0*a - 6 = 2*a. What is the units digit of a*(3 - 16/3)?
7
Let h(t) = -t. Let b be h(-5). Suppose -b - 23 = -4*y. Suppose -2*z = -z - y. What is the units digit of z?
7
Let r = 69 - 41. Suppose 2*m + 0 = r. What is the tens digit of m?
1
Let b(l) = l**3 - 5*l**2 - 9*l + 2. What is the tens digit of b(7)?
3
Let j(c) = 4 - 4 + 34*c. What is the units digit of j(1)?
4
Let i = -27 - -285. What is the units digit of i?
8
Suppose 4*j = 2*t - 68, 2*j + 117 = 3*t + 31. What is the tens digit of t?
2
Let s = -2 - -4. Let l be ((-9)/4)/((-1)/4). Suppose -3 = -s*r - z, 6*r - z = 2*r + l. What is the units digit of r?
2
Let f be (2 - 7)*1/(-1). Suppose -4 = 2*g - f*n, n - 3*n = -8. What is the units digit of g?
8
Let a = 7 + -2. Let s = a - 4. What is the units digit of s?
1
Let y(t) = -5*t**3 - t**2 + 7*t. What is the hundreds digit of y(-3)?
1
Let z(f) = f**2 - 6*f + 3. Let b be z(6). Suppose 0 = -2*a + 4*h + h + 21, 3*h + 21 = -b*a. What is the units digit of (a - (0 - 0)) + 14?
2
Suppose 0 = -r + 5 - 2. Let p = -2 + 4. Suppose -3*v + 14 - p = -r*i, 2*v + i = 5. What is the units digit of v?
3
Suppose -f + 3 = -0*f. Suppose 5*j = f*q + 19, 9 = 2*q + j - 0. Let g(l) = l**2 + 2*l. What is the units digit of g(q)?
8
Let x(g) = g**2 + 15*g - 15. Let f = -30 - -13. What is the units digit of x(f)?
9
What is the units digit of 2/((-188)/64 - -3)?
2
What is the units digit of ((-8)/6)/(((-45)/(-5))/(-1053))?
6
Let h = 1 + 1. Suppose 11 = -2*t - h*f + 27, -5*t = -3*f - 24. Suppose 0 = -2*w + t*w - 28. What is the units digit of w?
7
Let r(l) = l**2 + l - 9. Let p be r(0). Let n be (-31)/(-2) + p/6. What is the units digit of (2 + n/(-5))*-5?
4
What is the tens digit of 1/3 + 1883/84*4?
9
Suppose j = -6 - 1. Let f = -1 - j. What is the units digit of f?
6
Let t be (8/(-3))/((-2)/3). Suppose -t = -r + 7. What is the units digit of r?
1
Let r(p) = -7*p + 14. What is the tens digit of r(-11)?
9
Let h(x) = x**3 + 9*x**2 + 2*x - 2. What is the tens digit of h(-7)?
8
Let v(n) = -n**2 + 4*n + 2. Let u be v(4). What is the tens digit of (7 - (u - -1)) + 13?
1
Suppose 4*f + 39 - 295 = 0. What is the tens digit of f?
6
What is the units digit of (-2)/(-6)*0 + (85 - 4)?
1
Suppose -3*i - 12 = 0, 0*i - 4 = -2*s + 2*i. Let w = s - -3. Suppose -d = -w - 2. What is the units digit of d?
3
Let h(m) = 8*m + 25. What is the tens digit of h(11)?
1
Suppose 4*j + 338 = 2*v, 